{"id":9095,"date":"2017-07-14T13:04:08","date_gmt":"2017-07-14T11:04:08","guid":{"rendered":"http:\/\/www.taunusmusikanten.de\/?page_id=9095"},"modified":"2020-10-21T22:14:03","modified_gmt":"2020-10-21T20:14:03","slug":"mitglied-werden","status":"publish","type":"page","link":"https:\/\/www.taunusmusikanten.de\/?page_id=9095","title":{"rendered":"Mitglied werden?"},"content":{"rendered":"<p>Wer ein Interesse an einer Mitgliedschaft in unserem Verein hat &#8211; sei es aktiv oder auch als passives Mitglied &#8211; der ist hier richtig aufgehoben.<\/p>\n<p>Wir freuen uns nat\u00fcrlich sehr, wenn unser Verein in irgendeiner Art und Weise unterst\u00fctzt wird und bedanken uns schon jetzt f\u00fcr das Interesse!<\/p>\n<p>&nbsp;<\/p>\n<p style=\"text-align: center;\"><a href=\"http:\/\/www.taunusmusikanten.de\/wp-content\/uploads\/2017\/07\/WTM-Beitrittsformular.pdf\">WTM Beitrittsformular<\/a><\/p>\n<p>&nbsp;<\/p>\n<p style=\"text-align: center;\"><a href=\"http:\/\/www.taunusmusikanten.de\/wp-content\/uploads\/2017\/07\/WTM-Beitrittsformular.pdf\"><img loading=\"lazy\" decoding=\"async\" class=\"aligncenter wp-image-9101\" src=\"http:\/\/www.taunusmusikanten.de\/wp-content\/uploads\/ngg_featured\/cropped-DSC08710-1.jpg\" alt=\"\" width=\"800\" height=\"354\" srcset=\"https:\/\/www.taunusmusikanten.de\/wp-content\/uploads\/ngg_featured\/cropped-DSC08710-1.jpg 1920w, https:\/\/www.taunusmusikanten.de\/wp-content\/uploads\/ngg_featured\/cropped-DSC08710-1-300x133.jpg 300w, https:\/\/www.taunusmusikanten.de\/wp-content\/uploads\/ngg_featured\/cropped-DSC08710-1-768x340.jpg 768w, https:\/\/www.taunusmusikanten.de\/wp-content\/uploads\/ngg_featured\/cropped-DSC08710-1-1024x453.jpg 1024w, https:\/\/www.taunusmusikanten.de\/wp-content\/uploads\/ngg_featured\/cropped-DSC08710-1-370x164.jpg 370w, https:\/\/www.taunusmusikanten.de\/wp-content\/uploads\/ngg_featured\/cropped-DSC08710-1-1040x460.jpg 1040w\" sizes=\"auto, (max-width: 800px) 100vw, 800px\" \/><\/a><\/p>\n<p>&nbsp;<\/p>\n","protected":false},"excerpt":{"rendered":"<p>Wer ein Interesse an einer Mitgliedschaft in unserem Verein hat &#8211; sei es aktiv oder auch als passives Mitglied &#8211; der ist hier richtig aufgehoben. Wir freuen uns nat\u00fcrlich sehr, wenn unser Verein in irgendeiner Art und Weise unterst\u00fctzt wird und bedanken uns schon jetzt f\u00fcr das Interesse! &nbsp; WTM Beitrittsformular &nbsp; &nbsp;<\/p>\n","protected":false},"author":2,"featured_media":9101,"parent":0,"menu_order":0,"comment_status":"closed","ping_status":"closed","template":"","meta":{"ngg_post_thumbnail":0,"footnotes":""},"class_list":["post-9095","page","type-page","status-publish","has-post-thumbnail"],"_links":{"self":[{"href":"https:\/\/www.taunusmusikanten.de\/index.php?rest_route=\/wp\/v2\/pages\/9095","targetHints":{"allow":["GET"]}}],"collection":[{"href":"https:\/\/www.taunusmusikanten.de\/index.php?rest_route=\/wp\/v2\/pages"}],"about":[{"href":"https:\/\/www.taunusmusikanten.de\/index.php?rest_route=\/wp\/v2\/types\/page"}],"author":[{"embeddable":true,"href":"https:\/\/www.taunusmusikanten.de\/index.php?rest_route=\/wp\/v2\/users\/2"}],"replies":[{"embeddable":true,"href":"https:\/\/www.taunusmusikanten.de\/index.php?rest_route=%2Fwp%2Fv2%2Fcomments&post=9095"}],"version-history":[{"count":5,"href":"https:\/\/www.taunusmusikanten.de\/index.php?rest_route=\/wp\/v2\/pages\/9095\/revisions"}],"predecessor-version":[{"id":11429,"href":"https:\/\/www.taunusmusikanten.de\/index.php?rest_route=\/wp\/v2\/pages\/9095\/revisions\/11429"}],"wp:featuredmedia":[{"embeddable":true,"href":"https:\/\/www.taunusmusikanten.de\/index.php?rest_route=\/wp\/v2\/media\/9101"}],"wp:attachment":[{"href":"https:\/\/www.taunusmusikanten.de\/index.php?rest_route=%2Fwp%2Fv2%2Fmedia&parent=9095"}],"curies":[{"name":"wp","href":"https:\/\/api.w.org\/{rel}","templated":true}]}}